d by r(4)?
12
Let a be (-5)/(60/(-8))*6. Suppose -5*j + a = -1. What is the remainder when 8 is divided by 1/j - (0 - 3)?
0
Suppose -23*s = -40*s + 578. What is the remainder when s is divided by 10?
4
Suppose 693 = 7*d + 189. What is the remainder when 573 is divided by d?
69
Let o be (-6)/36 + (-10)/12. Suppose -i + 4 - 2 = 0. Calculate the remainder when i is divided by (2 + -4 + 1)*o.
0
What is the remainder when 45 is divided by (-2)/(-3) - (-506)/33?
13
Suppose -w - 2*x + 72 = 0, -2*x + 3 = x. Suppose -2*r + 585 = 5*l, -5*l + r + 203 = -397. Suppose -5*s + l = 29. Calculate the remainder when w is divided by s.
16
Suppose 0*r + 4*r + 84 = 2*t, -122 = -3*t + 2*r. Calculate the remainder when t is divided by 18.
4
Suppose 8*k = j + 10*k - 7, -j = 5*k + 2. Calculate the remainder when 77 is divided by j.
12
Suppose 3*y = -2*y + 2*m + 28, 4*y - 4*m = 20. Let u be (-9)/y*(-58)/3. Let b = u - 14. Calculate the remainder when b is divided by 6.
3
Let w be 4/(-3) - -1 - (-580)/3. Suppose -2*r + 3*l + 69 = 0, 4*r - 4*l - w = -9*l. Calculate the remainder when r is divided by 15.
12
Calculate the remainder when 1*3 + 19 + 174 is divided by 59.
19
Suppose 5*n = -21 + 111. Suppose -5*p = 0, -2*j + 9 + 3 = p. What is the remainder when n is divided by (-231)/11*(-2)/j?
4
Let r(y) = y**2 + 3*y + 2. Let j be r(-3). Let v be (-1)/j + 715/(-10). Let k = 113 + v. Calculate the remainder when k is divided by 21.
20
Let u = 7 - 4. Suppose -4*j + u = y - 1, -y + 4 = j. Suppose j = 4*a + 32 - 128. What is the remainder when a is divided by 9?
6
Suppose -f - 8 = 4*h, 5*h + 4 = 3*f - 6. Calculate the remainder when 57 is divided by -6*(-2)/24 + (-57)/h.
28
What is the remainder when 73 is divided by 28 + (-5 - (-7 - -2) - 0)?
17
Let z be (-31)/(-11) + 6/33. Suppose 0 = -z*r + r, -2*v = -3*r - 20. Calculate the remainder when 37 is divided by v.
7
Suppose -435 + 111 = -9*l. What is the remainder when 106 is divided by l?
34
Let q = 19104 - 19098. Suppose 2*u = 5 + 53. Calculate the remainder when u is divided by q.
5
Suppose -100 = 6*v - 292. Calculate the remainder when 102 is divided by -15*3*(v/12 - 3).
12
Suppose 6*b + 1049 = b + 3*r, -2*b - 422 = -2*r. Let x = 306 + b. Suppose 32 = -2*d + x. Calculate the remainder when 64 is divided by d.
31
Suppose -2*m - l + 3 = -2*l, 0 = 5*m + l + 3. Suppose -2*s = -b, 5*b = 5*s - m + 5. Calculate the remainder when 6 is divided by s.
0
Let k be 1/((-2 + 1)/10). Let s = -3 - k. Let v(j) = j**2 + 19*j - 30. Calculate the remainder when v(-21) is divided by s.
5
Suppose 3*v - 2*w - 28 = 2*w, 4*w - 8 = 0. Calculate the remainder when 13 is divided by v.
1
Let k = 27 - 16. Suppose -3*i - 4*d - d = -96, 0 = -2*i - 5*d + 64. Let w = i + k. Calculate the remainder when w is divided by 15.
13
Let o = 14 - 9. Suppose 7 = -k - 2*b, 0 = -3*b - o - 1. Let v = k + 5. Calculate the remainder when v is divided by 2.
0
Let s be (27 - 6/2)*1. Let x = 50 - s. Let k = -466 - -516. Calculate the remainder when k is divided by x.
24
Suppose 3*o + 5 = -1. Let s be 3934/49 - o/(-7). Suppose k + 3*k = s. Calculate the remainder when k is divided by 7.
6
Suppose -4*f = d - 38, 0 = -8*f + 6*f - 4*d + 12. Let i(h) = h**2 - 6*h - 2. Calculate the remainder when i(-7) is divided by f.
9
Calculate the remainder when ((-6)/(-10))/(6/510) is divided by 14.
9
Suppose 9*z - 12*z = -9. Suppose -3*q + 3*k = -60, 0*q - 4*k = z*q - 46. What is the remainder when 29 is divided by q?
11
Let y(j) = -j + 5. Let n be y(6). Let f be -1*4/6 - 10/3. What is the remainder when 14 is divided by (f + -1)/(1/n)?
4
What is the remainder when 767 is divided by 4 + ((-6)/(-4))/(10/340)?
52
Let m = 0 - 1. What is the remainder when m/(((-16)/(-4))/(-144)) is divided by 10?
6
Suppose -5*h + 812 = 9*h. Calculate the remainder when h is divided by 16.
10
Suppose -p - 2*i = -33, -4*p - 3*i = -34 - 88. Calculate the remainder when 1677 is divided by p.
24
Let z(b) = b**3 + 13*b**2 + 26*b - 13. What is the remainder when z(-9) is divided by 16?
13
Let j be (-5)/(-1) + (-3 - -1). Suppose 7 - 55 = -j*w. Let b(k) = -11*k**2 + 135*k + 11. Calculate the remainder when b(12) is divided by w.
15
Let s = -1127 - -1143. Suppose h + 2*d + 252 = 5*h, -5*h = -4*d - 315. Calculate the remainder when h is divided by s.
15
Let a = 79 - 6. Let k be (8/12)/(3/9). Suppose 138 = 4*i + k*l, a = -i + 3*i + 5*l. Calculate the remainder when i is divided by 9.
7
Suppose 13*f - 124 = -5*d + 11*f, -2*d + f = -46. Suppose -a - c + 42 = 0, 4*a + 0*a - 5*c - 195 = 0. Calculate the remainder when a is divided by d.
21
What is the remainder when 3*2/6*1032/24 is divided by 5?
3
Let u = 389 - 322. Calculate the remainder when u is divided by 18.
13
Let t(x) = -55*x - 643. What is the remainder when 745 is divided by t(-12)?
14
Let b = -315 + 332. Calculate the remainder when 23 is divided by b.
6
Suppose -2*z + 49 = 5*a, -5*a = 3*z - a - 56. Let u(b) = b**2 + b - 7. Calculate the remainder when u(-6) is divided by z.
11
Suppose 16 = 2*r + u, -4*r - 2*u - u + 32 = 0. What is the remainder when (1022/56)/(2/r) is divided by 15?
13
Calculate the remainder when 201 is divided by (-558)/(-54) + (-5)/(-3).
9
Let o be (-140)/(-44) - 4/22. Suppose o*j - 51 = -3*w, -4*j - 3*w = -4*w - 58. What is the remainder when 58 is divided by (18/j)/(6/100)?
18
What is the remainder when 356 is divided by -332*((-6)/33 + (-15)/220)?
24
Suppose 13*d - 162 = 10*d. Suppose -4*p = 3*u - d, u + 34 = 5*p - 24. Calculate the remainder when 23 is divided by p.
11
Suppose -3*p - 12 = -7*p. Suppose -28 = -p*t - t. What is the remainder when ((2 - 20/8)*38)/(-1) is divided by t?
5
Suppose 0 = -12*a + 9*a - 5*c + 76, 2*a = 2*c + 72. Let i(q) = 3*q**3 + q**2 + 2*q - 3. What is the remainder when i(3) is divided by a?
29
Suppose 2*z - 20 = -4*h + z, 4 = -2*h - 4*z. Let a = 297 - 281. What is the remainder when a is divided by h?
4
Let x(n) = -2*n**3 + 4*n**2 - 3*n + 1. Let p be x(2). Let y = -1 - p. Let l(h) = -5*h**2 - 29*h - 6. Calculate the remainder when l(-5) is divided by y.
2
Suppose 0 = -4*q - q. Calculate the remainder when (4/(-12))/((-4)/72*1) is divided by (1 - q) + 1 + 0.
0
What is the remainder when 135 + 1 + 4 + -4 is divided by 27?
1
Let x = -3 + 4. Suppose 2*b - 5*k = -0*b + 59, 3*b = -4*k + 31. Suppose l + x = b. What is the remainder when l is divided by 6?
4
Suppose 3*p + 0*p = 5*l + 35, -14 = -2*p + l. Suppose 0 = -3*b + 6, 0 = 4*o - 4*b + 7 + p. Calculate the remainder when 46 + (2 + -2)*o is divided by 12.
10
Suppose -4*x + 32 = 44. Let t(h) = -54*h - 8. What is the remainder when t(x) is divided by 31?
30
Suppose -5*w + 1760 + 630 = -3*h, 5*w = 5*h + 2380. Calculate the remainder when w is divided by 125.
106
Let b(n) = 16*n**2 - 15*n + 7. Calculate the remainder when b(4) is divided by 14.
7
Suppose 2*i - 48 = -i. Suppose -5*g - 183 = -8*g. Calculate the remainder when g is divided by i.
13
Let k(r) = -34 + 28*r + 36 - 15. What is the remainder when k(6) is divided by 39?
38
Let g(u) = 8*u - 4. Suppose k + t + 3*t = 108, 0 = k - 4*t - 68. Let w = -30 + k. Calculate the remainder when w is divided by g(3).
18
Let r(o) = -o**2 + 3. Calculate the remainder when (232/(-16) - -12) + (-70)/(-4) is divided by r(0).
0
Suppose -5*f = 5*g - 40, -2*f + 7*f - 34 = -3*g. Suppose -g*y = -l - 213, -2*l + 142 = 2*y - 0. What is the remainder when y is divided by 24?
23
Suppose -2*f = 5*y - 76, 3*y = 4*f + 36 - 6. Let q be -3 + -2 + 8 - 3. Suppose 5*z - 111 - 154 = q. What is the remainder when z is divided by y?
11
Let k(p) = 19*p**2 + 75*p - 13. What is the remainder when k(5) is divided by 8?
5
Let s(w) = -w**2 - 11*w + 7. Let m be s(-12). What is the remainder when (4/m)/(2841/(-405) - -7) is divided by 11?
10
Let g(w) = w**2 + 2*w - 3. Suppose 47 = -s + 12. Let c = 49 + s. Calculate the remainder when c is divided by g(2).
4
Suppose -5*k = -5*p - 120, -34*p + 36*p - 78 = -4*k. Calculate the remainder when 221 is divided by k.
11
Suppose -5*i + 24 = -101. Calculate the remainder when i + (-2)/((-4)/2) is divided by 2/(-5) - (-94)/10.
8
Let g(p) = -p + 81. What is the remainder when g(31) is divided by 0/(-1) - 34/(-2)?
16
Let n be (0 - (2 - 8))/2. Suppose 93 = 5*l - 3*f, 2 + 37 = 2*l - n*f. Calculate the remainder when 52 is 